{"id":804,"date":"2021-07-23T11:46:59","date_gmt":"2021-07-23T16:46:59","guid":{"rendered":"https:\/\/viaexcelencia.com.mx\/?post_type=product&#038;p=804"},"modified":"2021-07-24T13:00:22","modified_gmt":"2021-07-24T18:00:22","slug":"curso-propedeutico-exani-1","status":"publish","type":"product","link":"https:\/\/viaexcelencia.com.mx\/index.php\/product\/curso-propedeutico-exani-1\/","title":{"rendered":"CURSO PROPED\u00c9UTICO EXANI 1"},"content":{"rendered":"<p style=\"text-align: center;\"><strong>CURSO PROPED\u00c9UTICO<\/strong><\/p>\n<p style=\"text-align: center;\"><strong>Examen Nacional de Ingreso a la Educaci\u00f3n Media Superior<\/strong><\/p>\n<p><strong>CONTENIDO DEL CURSO:<\/strong><\/p>\n<ul>\n<li>Habilidades y conocimientos:\n<ul>\n<li>Pensamiento cient\u00edfico<\/li>\n<li>Comprensi\u00f3n lectora<\/li>\n<li>Redacci\u00f3n indirecta<\/li>\n<li>Pensamiento matem\u00e1tico<\/li>\n<\/ul>\n<\/li>\n<\/ul>\n<p>&nbsp;<\/p>\n<ul>\n<li>Informaci\u00f3n diagn\u00f3stica\n<ul>\n<li>Ingl\u00e9s como lengua extranjera<\/li>\n<\/ul>\n<\/li>\n<\/ul>\n<p>&nbsp;<\/p>\n<p><strong>MODALIDAD:<\/strong><\/p>\n<ul>\n<li>Virtual\n<ul>\n<li>Cursos y materiales disponibles en la Plataforma Moodle<\/li>\n<li>Acceso ilimitado a los materiales durante el curso<\/li>\n<li>Asesor\u00edas a trav\u00e9s de Google Meet o Zoom.<\/li>\n<\/ul>\n<\/li>\n<\/ul>\n","protected":false},"excerpt":{"rendered":"<p><strong>CONTENIDO DEL CURSO:<\/strong><\/p>\n<ul>\n<li>Habilidades y conocimientos:\n<ul>\n<li>Pensamiento cient\u00edfico<\/li>\n<li>Comprensi\u00f3n lectora<\/li>\n<li>Redacci\u00f3n indirecta<\/li>\n<li>Pensamiento matem\u00e1tico<\/li>\n<\/ul>\n<\/li>\n<\/ul>\n<p>&nbsp;<\/p>\n<ul>\n<li>Informaci\u00f3n diagn\u00f3stica\n<ul>\n<li>Ingl\u00e9s como lengua extranjera<\/li>\n<\/ul>\n<\/li>\n<\/ul>\n<p>&nbsp;<\/p>\n<p><strong>MODALIDAD:<\/strong><\/p>\n<ul>\n<li>Virtual\n<ul>\n<li>Cursos y materiales disponibles en la Plataforma Moodle<\/li>\n<li>Acceso ilimitado a los materiales durante el curso<\/li>\n<li>Asesor\u00edas a trav\u00e9s de Google Meet o Zoom.<\/li>\n<\/ul>\n<\/li>\n<\/ul>\n","protected":false},"featured_media":806,"template":"","meta":[],"product_cat":[25],"product_tag":[],"yoast_head":"<!-- This site is optimized with the Yoast SEO plugin v19.6.1 - https:\/\/yoast.com\/wordpress\/plugins\/seo\/ -->\n<title>CURSO PROPED\u00c9UTICO EXANI 1 - Instituto V\u00eda Excelencia<\/title>\n<meta name=\"robots\" content=\"index, follow, max-snippet:-1, max-image-preview:large, max-video-preview:-1\" \/>\n<link rel=\"canonical\" href=\"https:\/\/viaexcelencia.com.mx\/index.php\/product\/curso-propedeutico-exani-1\/\" \/>\n<meta property=\"og:locale\" content=\"es_ES\" \/>\n<meta property=\"og:type\" content=\"article\" \/>\n<meta property=\"og:title\" content=\"CURSO PROPED\u00c9UTICO EXANI 1 - Instituto V\u00eda Excelencia\" \/>\n<meta property=\"og:description\" content=\"CONTENIDO DEL CURSO:   Habilidades y conocimientos:   Pensamiento cient\u00edfico  Comprensi\u00f3n lectora  Redacci\u00f3n indirecta  Pensamiento matem\u00e1tico    &nbsp;   Informaci\u00f3n diagn\u00f3stica   Ingl\u00e9s como lengua extranjera    &nbsp;  MODALIDAD:   Virtual   Cursos y materiales disponibles en la Plataforma Moodle  Acceso ilimitado a los materiales durante el curso  Asesor\u00edas a trav\u00e9s de Google Meet o Zoom.\" \/>\n<meta property=\"og:url\" content=\"https:\/\/viaexcelencia.com.mx\/index.php\/product\/curso-propedeutico-exani-1\/\" \/>\n<meta property=\"og:site_name\" content=\"Instituto V\u00eda Excelencia\" \/>\n<meta property=\"article:publisher\" content=\"https:\/\/www.facebook.com\/institutoviaexcelencia\" \/>\n<meta property=\"article:modified_time\" content=\"2021-07-24T18:00:22+00:00\" \/>\n<meta property=\"og:image\" content=\"https:\/\/viaexcelencia.com.mx\/wp-content\/uploads\/2021\/07\/curso-exani.png\" \/>\n\t<meta property=\"og:image:width\" content=\"576\" \/>\n\t<meta property=\"og:image:height\" content=\"570\" \/>\n\t<meta property=\"og:image:type\" content=\"image\/png\" \/>\n<meta name=\"twitter:card\" content=\"summary_large_image\" \/>\n<meta name=\"twitter:label1\" content=\"Tiempo de lectura\" \/>\n\t<meta name=\"twitter:data1\" content=\"1 minuto\" \/>\n<script type=\"application\/ld+json\" class=\"yoast-schema-graph\">{\"@context\":\"https:\/\/schema.org\",\"@graph\":[{\"@type\":\"WebPage\",\"@id\":\"https:\/\/viaexcelencia.com.mx\/index.php\/product\/curso-propedeutico-exani-1\/\",\"url\":\"https:\/\/viaexcelencia.com.mx\/index.php\/product\/curso-propedeutico-exani-1\/\",\"name\":\"CURSO PROPED\u00c9UTICO EXANI 1 - Instituto V\u00eda Excelencia\",\"isPartOf\":{\"@id\":\"https:\/\/viaexcelencia.com.mx\/#website\"},\"datePublished\":\"2021-07-23T16:46:59+00:00\",\"dateModified\":\"2021-07-24T18:00:22+00:00\",\"breadcrumb\":{\"@id\":\"https:\/\/viaexcelencia.com.mx\/index.php\/product\/curso-propedeutico-exani-1\/#breadcrumb\"},\"inLanguage\":\"es\",\"potentialAction\":[{\"@type\":\"ReadAction\",\"target\":[\"https:\/\/viaexcelencia.com.mx\/index.php\/product\/curso-propedeutico-exani-1\/\"]}]},{\"@type\":\"BreadcrumbList\",\"@id\":\"https:\/\/viaexcelencia.com.mx\/index.php\/product\/curso-propedeutico-exani-1\/#breadcrumb\",\"itemListElement\":[{\"@type\":\"ListItem\",\"position\":1,\"name\":\"Home\",\"item\":\"https:\/\/viaexcelencia.com.mx\/\"},{\"@type\":\"ListItem\",\"position\":2,\"name\":\"Shop\",\"item\":\"https:\/\/viaexcelencia.com.mx\/index.php\/shop\/\"},{\"@type\":\"ListItem\",\"position\":3,\"name\":\"CURSO PROPED\u00c9UTICO EXANI 1\"}]},{\"@type\":\"WebSite\",\"@id\":\"https:\/\/viaexcelencia.com.mx\/#website\",\"url\":\"https:\/\/viaexcelencia.com.mx\/\",\"name\":\"Instituto V\u00eda Excelencia\",\"description\":\"\",\"publisher\":{\"@id\":\"https:\/\/viaexcelencia.com.mx\/#organization\"},\"potentialAction\":[{\"@type\":\"SearchAction\",\"target\":{\"@type\":\"EntryPoint\",\"urlTemplate\":\"https:\/\/viaexcelencia.com.mx\/?s={search_term_string}\"},\"query-input\":\"required name=search_term_string\"}],\"inLanguage\":\"es\"},{\"@type\":\"Organization\",\"@id\":\"https:\/\/viaexcelencia.com.mx\/#organization\",\"name\":\"Instituto V\u00eda Excelencia\",\"url\":\"https:\/\/viaexcelencia.com.mx\/\",\"sameAs\":[\"https:\/\/www.facebook.com\/institutoviaexcelencia\"],\"logo\":{\"@type\":\"ImageObject\",\"inLanguage\":\"es\",\"@id\":\"https:\/\/viaexcelencia.com.mx\/#\/schema\/logo\/image\/\",\"url\":\"https:\/\/viaexcelencia.com.mx\/wp-content\/uploads\/2021\/07\/Logotipo-VE-final-07.png\",\"contentUrl\":\"https:\/\/viaexcelencia.com.mx\/wp-content\/uploads\/2021\/07\/Logotipo-VE-final-07.png\",\"width\":2629,\"height\":1021,\"caption\":\"Instituto V\u00eda Excelencia\"},\"image\":{\"@id\":\"https:\/\/viaexcelencia.com.mx\/#\/schema\/logo\/image\/\"}}]}<\/script>\n<!-- \/ Yoast SEO plugin. -->","yoast_head_json":{"title":"CURSO PROPED\u00c9UTICO EXANI 1 - Instituto V\u00eda Excelencia","robots":{"index":"index","follow":"follow","max-snippet":"max-snippet:-1","max-image-preview":"max-image-preview:large","max-video-preview":"max-video-preview:-1"},"canonical":"https:\/\/viaexcelencia.com.mx\/index.php\/product\/curso-propedeutico-exani-1\/","og_locale":"es_ES","og_type":"article","og_title":"CURSO PROPED\u00c9UTICO EXANI 1 - Instituto V\u00eda Excelencia","og_description":"CONTENIDO DEL CURSO:   Habilidades y conocimientos:   Pensamiento cient\u00edfico  Comprensi\u00f3n lectora  Redacci\u00f3n indirecta  Pensamiento matem\u00e1tico    &nbsp;   Informaci\u00f3n diagn\u00f3stica   Ingl\u00e9s como lengua extranjera    &nbsp;  MODALIDAD:   Virtual   Cursos y materiales disponibles en la Plataforma Moodle  Acceso ilimitado a los materiales durante el curso  Asesor\u00edas a trav\u00e9s de Google Meet o Zoom.","og_url":"https:\/\/viaexcelencia.com.mx\/index.php\/product\/curso-propedeutico-exani-1\/","og_site_name":"Instituto V\u00eda Excelencia","article_publisher":"https:\/\/www.facebook.com\/institutoviaexcelencia","article_modified_time":"2021-07-24T18:00:22+00:00","og_image":[{"width":576,"height":570,"url":"https:\/\/viaexcelencia.com.mx\/wp-content\/uploads\/2021\/07\/curso-exani.png","type":"image\/png"}],"twitter_card":"summary_large_image","twitter_misc":{"Tiempo de lectura":"1 minuto"},"schema":{"@context":"https:\/\/schema.org","@graph":[{"@type":"WebPage","@id":"https:\/\/viaexcelencia.com.mx\/index.php\/product\/curso-propedeutico-exani-1\/","url":"https:\/\/viaexcelencia.com.mx\/index.php\/product\/curso-propedeutico-exani-1\/","name":"CURSO PROPED\u00c9UTICO EXANI 1 - Instituto V\u00eda Excelencia","isPartOf":{"@id":"https:\/\/viaexcelencia.com.mx\/#website"},"datePublished":"2021-07-23T16:46:59+00:00","dateModified":"2021-07-24T18:00:22+00:00","breadcrumb":{"@id":"https:\/\/viaexcelencia.com.mx\/index.php\/product\/curso-propedeutico-exani-1\/#breadcrumb"},"inLanguage":"es","potentialAction":[{"@type":"ReadAction","target":["https:\/\/viaexcelencia.com.mx\/index.php\/product\/curso-propedeutico-exani-1\/"]}]},{"@type":"BreadcrumbList","@id":"https:\/\/viaexcelencia.com.mx\/index.php\/product\/curso-propedeutico-exani-1\/#breadcrumb","itemListElement":[{"@type":"ListItem","position":1,"name":"Home","item":"https:\/\/viaexcelencia.com.mx\/"},{"@type":"ListItem","position":2,"name":"Shop","item":"https:\/\/viaexcelencia.com.mx\/index.php\/shop\/"},{"@type":"ListItem","position":3,"name":"CURSO PROPED\u00c9UTICO EXANI 1"}]},{"@type":"WebSite","@id":"https:\/\/viaexcelencia.com.mx\/#website","url":"https:\/\/viaexcelencia.com.mx\/","name":"Instituto V\u00eda Excelencia","description":"","publisher":{"@id":"https:\/\/viaexcelencia.com.mx\/#organization"},"potentialAction":[{"@type":"SearchAction","target":{"@type":"EntryPoint","urlTemplate":"https:\/\/viaexcelencia.com.mx\/?s={search_term_string}"},"query-input":"required name=search_term_string"}],"inLanguage":"es"},{"@type":"Organization","@id":"https:\/\/viaexcelencia.com.mx\/#organization","name":"Instituto V\u00eda Excelencia","url":"https:\/\/viaexcelencia.com.mx\/","sameAs":["https:\/\/www.facebook.com\/institutoviaexcelencia"],"logo":{"@type":"ImageObject","inLanguage":"es","@id":"https:\/\/viaexcelencia.com.mx\/#\/schema\/logo\/image\/","url":"https:\/\/viaexcelencia.com.mx\/wp-content\/uploads\/2021\/07\/Logotipo-VE-final-07.png","contentUrl":"https:\/\/viaexcelencia.com.mx\/wp-content\/uploads\/2021\/07\/Logotipo-VE-final-07.png","width":2629,"height":1021,"caption":"Instituto V\u00eda Excelencia"},"image":{"@id":"https:\/\/viaexcelencia.com.mx\/#\/schema\/logo\/image\/"}}]}},"_links":{"self":[{"href":"https:\/\/viaexcelencia.com.mx\/index.php\/wp-json\/wp\/v2\/product\/804"}],"collection":[{"href":"https:\/\/viaexcelencia.com.mx\/index.php\/wp-json\/wp\/v2\/product"}],"about":[{"href":"https:\/\/viaexcelencia.com.mx\/index.php\/wp-json\/wp\/v2\/types\/product"}],"wp:featuredmedia":[{"embeddable":true,"href":"https:\/\/viaexcelencia.com.mx\/index.php\/wp-json\/wp\/v2\/media\/806"}],"wp:attachment":[{"href":"https:\/\/viaexcelencia.com.mx\/index.php\/wp-json\/wp\/v2\/media?parent=804"}],"wp:term":[{"taxonomy":"product_cat","embeddable":true,"href":"https:\/\/viaexcelencia.com.mx\/index.php\/wp-json\/wp\/v2\/product_cat?post=804"},{"taxonomy":"product_tag","embeddable":true,"href":"https:\/\/viaexcelencia.com.mx\/index.php\/wp-json\/wp\/v2\/product_tag?post=804"}],"curies":[{"name":"wp","href":"https:\/\/api.w.org\/{rel}","templated":true}]}}