{"id":92,"date":"2021-03-31T05:46:15","date_gmt":"2021-03-31T05:46:15","guid":{"rendered":"https:\/\/viaexcelencia.com.mx\/?page_id=92"},"modified":"2023-01-23T14:56:14","modified_gmt":"2023-01-23T20:56:14","slug":"cursos","status":"publish","type":"page","link":"https:\/\/viaexcelencia.com.mx\/index.php\/cursos\/","title":{"rendered":"Cursos"},"content":{"rendered":"\t\t<div data-elementor-type=\"wp-page\" data-elementor-id=\"92\" class=\"elementor elementor-92\">\n\t\t\t\t\t\t\t\t\t<section class=\"elementor-section elementor-top-section elementor-element elementor-element-9942bc6 elementor-section-boxed elementor-section-height-default elementor-section-height-default\" data-id=\"9942bc6\" data-element_type=\"section\">\n\t\t\t\t\t\t<div class=\"elementor-container elementor-column-gap-default\">\n\t\t\t\t\t<div class=\"elementor-column elementor-col-25 elementor-top-column elementor-element elementor-element-fcaddb1\" data-id=\"fcaddb1\" data-element_type=\"column\">\n\t\t\t<div class=\"elementor-widget-wrap elementor-element-populated\">\n\t\t\t\t\t\t\t\t<div class=\"elementor-element elementor-element-c330d0c elementor-position-top elementor-vertical-align-top elementor-widget elementor-widget-image-box\" data-id=\"c330d0c\" data-element_type=\"widget\" data-widget_type=\"image-box.default\">\n\t\t\t\t<div class=\"elementor-widget-container\">\n\t\t\t<div class=\"elementor-image-box-wrapper\"><figure class=\"elementor-image-box-img\"><img decoding=\"async\" width=\"1325\" height=\"1325\" src=\"https:\/\/viaexcelencia.com.mx\/wp-content\/uploads\/2023\/01\/portada-curso-dceb.png\" class=\"attachment-full size-full\" alt=\"\" loading=\"lazy\" \/><\/figure><div class=\"elementor-image-box-content\"><h3 class=\"elementor-image-box-title\">Curso: Dise\u00f1o curricular para educaci\u00f3n b\u00e1sica<\/h3><\/div><\/div>\t\t<\/div>\n\t\t\t\t<\/div>\n\t\t\t\t<div class=\"elementor-element elementor-element-dd50238 elementor-align-center elementor-widget elementor-widget-button\" data-id=\"dd50238\" data-element_type=\"widget\" data-widget_type=\"button.default\">\n\t\t\t\t<div class=\"elementor-widget-container\">\n\t\t\t\t\t<div class=\"elementor-button-wrapper\">\n\t\t\t<a href=\"https:\/\/viaexcelencia.com.mx\/index.php\/diseno-curricular-para-educacion-basica\/\" class=\"elementor-button-link elementor-button elementor-size-lg\" role=\"button\">\n\t\t\t\t\t\t<span class=\"elementor-button-content-wrapper\">\n\t\t\t\t\t\t<span class=\"elementor-button-text\">Saber m\u00e1s<\/span>\n\t\t<\/span>\n\t\t\t\t\t<\/a>\n\t\t<\/div>\n\t\t\t\t<\/div>\n\t\t\t\t<\/div>\n\t\t\t\t\t<\/div>\n\t\t<\/div>\n\t\t\t\t<div class=\"elementor-column elementor-col-25 elementor-top-column elementor-element elementor-element-347e878\" data-id=\"347e878\" data-element_type=\"column\">\n\t\t\t<div class=\"elementor-widget-wrap elementor-element-populated\">\n\t\t\t\t\t\t\t\t<div class=\"elementor-element elementor-element-e224c77 elementor-position-top elementor-vertical-align-top elementor-widget elementor-widget-image-box\" data-id=\"e224c77\" data-element_type=\"widget\" data-widget_type=\"image-box.default\">\n\t\t\t\t<div class=\"elementor-widget-container\">\n\t\t\t<div class=\"elementor-image-box-wrapper\"><figure class=\"elementor-image-box-img\"><img decoding=\"async\" width=\"576\" height=\"570\" src=\"https:\/\/viaexcelencia.com.mx\/wp-content\/uploads\/2021\/07\/curso-exani.png\" class=\"attachment-full size-full\" alt=\"\" loading=\"lazy\" \/><\/figure><div class=\"elementor-image-box-content\"><h3 class=\"elementor-image-box-title\">Curso: proped\u00e9utico EXANI I<br><br><\/h3><\/div><\/div>\t\t<\/div>\n\t\t\t\t<\/div>\n\t\t\t\t<div class=\"elementor-element elementor-element-e179406 elementor-align-center elementor-widget elementor-widget-button\" data-id=\"e179406\" data-element_type=\"widget\" data-widget_type=\"button.default\">\n\t\t\t\t<div class=\"elementor-widget-container\">\n\t\t\t\t\t<div class=\"elementor-button-wrapper\">\n\t\t\t<a href=\"https:\/\/viaexcelencia.com.mx\/index.php\/propedeutico-exani-i\/\" class=\"elementor-button-link elementor-button elementor-size-lg\" role=\"button\">\n\t\t\t\t\t\t<span class=\"elementor-button-content-wrapper\">\n\t\t\t\t\t\t<span class=\"elementor-button-text\">Saber m\u00e1s<\/span>\n\t\t<\/span>\n\t\t\t\t\t<\/a>\n\t\t<\/div>\n\t\t\t\t<\/div>\n\t\t\t\t<\/div>\n\t\t\t\t\t<\/div>\n\t\t<\/div>\n\t\t\t\t<div class=\"elementor-column elementor-col-25 elementor-top-column elementor-element elementor-element-8d16d3d\" data-id=\"8d16d3d\" data-element_type=\"column\">\n\t\t\t<div class=\"elementor-widget-wrap elementor-element-populated\">\n\t\t\t\t\t\t\t\t<div class=\"elementor-element elementor-element-3dc50e8 elementor-position-top elementor-vertical-align-top elementor-widget elementor-widget-image-box\" data-id=\"3dc50e8\" data-element_type=\"widget\" data-widget_type=\"image-box.default\">\n\t\t\t\t<div class=\"elementor-widget-container\">\n\t\t\t<div class=\"elementor-image-box-wrapper\"><figure class=\"elementor-image-box-img\"><img decoding=\"async\" width=\"1325\" height=\"1325\" src=\"https:\/\/viaexcelencia.com.mx\/wp-content\/uploads\/2021\/09\/portada.png\" class=\"attachment-full size-full\" alt=\"\" loading=\"lazy\" \/><\/figure><div class=\"elementor-image-box-content\"><h3 class=\"elementor-image-box-title\">Curso: Buenas pr\u00e1cticas en docencia mediada por TIC<\/h3><\/div><\/div>\t\t<\/div>\n\t\t\t\t<\/div>\n\t\t\t\t<div class=\"elementor-element elementor-element-fc1cca0 elementor-align-center elementor-widget elementor-widget-button\" data-id=\"fc1cca0\" data-element_type=\"widget\" data-widget_type=\"button.default\">\n\t\t\t\t<div class=\"elementor-widget-container\">\n\t\t\t\t\t<div class=\"elementor-button-wrapper\">\n\t\t\t<a href=\"https:\/\/viaexcelencia.com.mx\/index.php\/buenas-practicas-en-docencia-mediada-por-tic\/\" class=\"elementor-button-link elementor-button elementor-size-lg\" role=\"button\">\n\t\t\t\t\t\t<span class=\"elementor-button-content-wrapper\">\n\t\t\t\t\t\t<span class=\"elementor-button-text\">Saber m\u00e1s<\/span>\n\t\t<\/span>\n\t\t\t\t\t<\/a>\n\t\t<\/div>\n\t\t\t\t<\/div>\n\t\t\t\t<\/div>\n\t\t\t\t\t<\/div>\n\t\t<\/div>\n\t\t\t\t<div class=\"elementor-column elementor-col-25 elementor-top-column elementor-element elementor-element-2aea12b\" data-id=\"2aea12b\" data-element_type=\"column\">\n\t\t\t<div class=\"elementor-widget-wrap elementor-element-populated\">\n\t\t\t\t\t\t\t\t<div class=\"elementor-element elementor-element-47d18bd elementor-position-top elementor-vertical-align-top elementor-widget elementor-widget-image-box\" data-id=\"47d18bd\" data-element_type=\"widget\" data-widget_type=\"image-box.default\">\n\t\t\t\t<div class=\"elementor-widget-container\">\n\t\t\t<div class=\"elementor-image-box-wrapper\"><figure class=\"elementor-image-box-img\"><img decoding=\"async\" width=\"1600\" height=\"1600\" src=\"https:\/\/viaexcelencia.com.mx\/wp-content\/uploads\/2021\/09\/PORTADA_PLANEACION-DIDACTICA-POR-COMPETENCIAS.png\" class=\"attachment-full size-full\" alt=\"\" loading=\"lazy\" \/><\/figure><div class=\"elementor-image-box-content\"><h3 class=\"elementor-image-box-title\">Curso: Planeaci\u00f3n did\u00e1ctica por competencias<\/h3><\/div><\/div>\t\t<\/div>\n\t\t\t\t<\/div>\n\t\t\t\t<div class=\"elementor-element elementor-element-bb389f1 elementor-align-center elementor-widget elementor-widget-button\" data-id=\"bb389f1\" data-element_type=\"widget\" data-widget_type=\"button.default\">\n\t\t\t\t<div class=\"elementor-widget-container\">\n\t\t\t\t\t<div class=\"elementor-button-wrapper\">\n\t\t\t<a href=\"https:\/\/viaexcelencia.com.mx\/index.php\/curso-planeacion-didactica-por-competencias\/\" class=\"elementor-button-link elementor-button elementor-size-lg\" role=\"button\">\n\t\t\t\t\t\t<span class=\"elementor-button-content-wrapper\">\n\t\t\t\t\t\t<span class=\"elementor-button-text\">Saber m\u00e1s<\/span>\n\t\t<\/span>\n\t\t\t\t\t<\/a>\n\t\t<\/div>\n\t\t\t\t<\/div>\n\t\t\t\t<\/div>\n\t\t\t\t\t<\/div>\n\t\t<\/div>\n\t\t\t\t\t\t\t<\/div>\n\t\t<\/section>\n\t\t\t\t<section class=\"elementor-section elementor-top-section elementor-element elementor-element-3ebca11 elementor-section-boxed elementor-section-height-default elementor-section-height-default\" data-id=\"3ebca11\" data-element_type=\"section\">\n\t\t\t\t\t\t<div class=\"elementor-container elementor-column-gap-default\">\n\t\t\t\t\t<div class=\"elementor-column elementor-col-33 elementor-top-column elementor-element elementor-element-4209702\" data-id=\"4209702\" data-element_type=\"column\">\n\t\t\t<div class=\"elementor-widget-wrap elementor-element-populated\">\n\t\t\t\t\t\t\t\t<div class=\"elementor-element elementor-element-718d7d6 elementor-position-top elementor-vertical-align-top elementor-widget elementor-widget-image-box\" data-id=\"718d7d6\" data-element_type=\"widget\" data-widget_type=\"image-box.default\">\n\t\t\t\t<div class=\"elementor-widget-container\">\n\t\t\t<div class=\"elementor-image-box-wrapper\"><figure class=\"elementor-image-box-img\"><img decoding=\"async\" width=\"1600\" height=\"1600\" src=\"https:\/\/viaexcelencia.com.mx\/wp-content\/uploads\/2021\/09\/PORTADA_EVALUACION-EFECTIVA-DEL-APRENDIZAJE.png\" class=\"attachment-full size-full\" alt=\"\" loading=\"lazy\" \/><\/figure><div class=\"elementor-image-box-content\"><h3 class=\"elementor-image-box-title\">Curso: Evaluaci\u00f3n efectiva del aprendizaje<\/h3><\/div><\/div>\t\t<\/div>\n\t\t\t\t<\/div>\n\t\t\t\t<div class=\"elementor-element elementor-element-086ffa5 elementor-align-center elementor-widget elementor-widget-button\" data-id=\"086ffa5\" data-element_type=\"widget\" data-widget_type=\"button.default\">\n\t\t\t\t<div class=\"elementor-widget-container\">\n\t\t\t\t\t<div class=\"elementor-button-wrapper\">\n\t\t\t<a href=\"https:\/\/viaexcelencia.com.mx\/index.php\/curso-evaluacion-efectiva-del-aprendizaje\/\" class=\"elementor-button-link elementor-button elementor-size-lg\" role=\"button\">\n\t\t\t\t\t\t<span class=\"elementor-button-content-wrapper\">\n\t\t\t\t\t\t<span class=\"elementor-button-text\">Saber m\u00e1s<\/span>\n\t\t<\/span>\n\t\t\t\t\t<\/a>\n\t\t<\/div>\n\t\t\t\t<\/div>\n\t\t\t\t<\/div>\n\t\t\t\t\t<\/div>\n\t\t<\/div>\n\t\t\t\t<div class=\"elementor-column elementor-col-33 elementor-top-column elementor-element elementor-element-85e59bf\" data-id=\"85e59bf\" data-element_type=\"column\">\n\t\t\t<div class=\"elementor-widget-wrap elementor-element-populated\">\n\t\t\t\t\t\t\t\t<div class=\"elementor-element elementor-element-c4f6823 elementor-position-top elementor-vertical-align-top elementor-widget elementor-widget-image-box\" data-id=\"c4f6823\" data-element_type=\"widget\" data-widget_type=\"image-box.default\">\n\t\t\t\t<div class=\"elementor-widget-container\">\n\t\t\t<div class=\"elementor-image-box-wrapper\"><figure class=\"elementor-image-box-img\"><img decoding=\"async\" width=\"1600\" height=\"1600\" src=\"https:\/\/viaexcelencia.com.mx\/wp-content\/uploads\/2021\/09\/PORTADA_LA-ESENCIA-DE-SER-DOCENTE.png\" class=\"attachment-full size-full\" alt=\"\" loading=\"lazy\" \/><\/figure><div class=\"elementor-image-box-content\"><h3 class=\"elementor-image-box-title\">Curso: La esencia de ser docente<\/h3><\/div><\/div>\t\t<\/div>\n\t\t\t\t<\/div>\n\t\t\t\t<div class=\"elementor-element elementor-element-f5497aa elementor-align-center elementor-widget elementor-widget-button\" data-id=\"f5497aa\" data-element_type=\"widget\" data-widget_type=\"button.default\">\n\t\t\t\t<div class=\"elementor-widget-container\">\n\t\t\t\t\t<div class=\"elementor-button-wrapper\">\n\t\t\t<a href=\"https:\/\/viaexcelencia.com.mx\/index.php\/curso-la-esencia-de-ser-docente\/\" class=\"elementor-button-link elementor-button elementor-size-lg\" role=\"button\">\n\t\t\t\t\t\t<span class=\"elementor-button-content-wrapper\">\n\t\t\t\t\t\t<span class=\"elementor-button-text\">Saber m\u00e1s<\/span>\n\t\t<\/span>\n\t\t\t\t\t<\/a>\n\t\t<\/div>\n\t\t\t\t<\/div>\n\t\t\t\t<\/div>\n\t\t\t\t\t<\/div>\n\t\t<\/div>\n\t\t\t\t<div class=\"elementor-column elementor-col-33 elementor-top-column elementor-element elementor-element-2ec296b\" data-id=\"2ec296b\" data-element_type=\"column\">\n\t\t\t<div class=\"elementor-widget-wrap elementor-element-populated\">\n\t\t\t\t\t\t\t\t<div class=\"elementor-element elementor-element-ea89206 elementor-position-top elementor-vertical-align-top elementor-widget elementor-widget-image-box\" data-id=\"ea89206\" data-element_type=\"widget\" data-widget_type=\"image-box.default\">\n\t\t\t\t<div class=\"elementor-widget-container\">\n\t\t\t<div class=\"elementor-image-box-wrapper\"><figure class=\"elementor-image-box-img\"><img decoding=\"async\" width=\"1600\" height=\"1600\" src=\"https:\/\/viaexcelencia.com.mx\/wp-content\/uploads\/2021\/09\/PORTADA_TECNICAS-DE-MOTIVACION-EN-EL-AULA.png\" class=\"attachment-full size-full\" alt=\"\" loading=\"lazy\" \/><\/figure><div class=\"elementor-image-box-content\"><h3 class=\"elementor-image-box-title\">Curso: T\u00e9cnicas de motivaci\u00f3n en el aula<\/h3><\/div><\/div>\t\t<\/div>\n\t\t\t\t<\/div>\n\t\t\t\t<div class=\"elementor-element elementor-element-9abc844 elementor-align-center elementor-widget elementor-widget-button\" data-id=\"9abc844\" data-element_type=\"widget\" data-widget_type=\"button.default\">\n\t\t\t\t<div class=\"elementor-widget-container\">\n\t\t\t\t\t<div class=\"elementor-button-wrapper\">\n\t\t\t<a href=\"https:\/\/viaexcelencia.com.mx\/index.php\/curso-tecnicas-de-motivacion-en-el-aula\/\" class=\"elementor-button-link elementor-button elementor-size-lg\" role=\"button\">\n\t\t\t\t\t\t<span class=\"elementor-button-content-wrapper\">\n\t\t\t\t\t\t<span class=\"elementor-button-text\">Saber m\u00e1s<\/span>\n\t\t<\/span>\n\t\t\t\t\t<\/a>\n\t\t<\/div>\n\t\t\t\t<\/div>\n\t\t\t\t<\/div>\n\t\t\t\t\t<\/div>\n\t\t<\/div>\n\t\t\t\t\t\t\t<\/div>\n\t\t<\/section>\n\t\t\t\t\t\t\t<\/div>\n\t\t","protected":false},"excerpt":{"rendered":"<p>Curso: Dise\u00f1o curricular para educaci\u00f3n b\u00e1sica Saber m\u00e1s Curso: proped\u00e9utico EXANI I Saber m\u00e1s Curso: Buenas pr\u00e1cticas en docencia mediada [&hellip;]<\/p>\n","protected":false},"author":1,"featured_media":93,"parent":0,"menu_order":0,"comment_status":"closed","ping_status":"closed","template":"","meta":[],"yoast_head":"<!-- This site is optimized with the Yoast SEO plugin v19.6.1 - https:\/\/yoast.com\/wordpress\/plugins\/seo\/ -->\n<title>Cursos - Instituto V\u00eda Excelencia<\/title>\n<meta name=\"robots\" content=\"index, follow, max-snippet:-1, max-image-preview:large, max-video-preview:-1\" \/>\n<link rel=\"canonical\" href=\"https:\/\/viaexcelencia.com.mx\/index.php\/cursos\/\" \/>\n<meta property=\"og:locale\" content=\"es_ES\" \/>\n<meta property=\"og:type\" content=\"article\" \/>\n<meta property=\"og:title\" content=\"Cursos - Instituto V\u00eda Excelencia\" \/>\n<meta property=\"og:description\" content=\"Curso: Dise\u00f1o curricular para educaci\u00f3n b\u00e1sica Saber m\u00e1s Curso: proped\u00e9utico EXANI I Saber m\u00e1s Curso: Buenas pr\u00e1cticas en docencia mediada [&hellip;]\" \/>\n<meta property=\"og:url\" content=\"https:\/\/viaexcelencia.com.mx\/index.php\/cursos\/\" \/>\n<meta property=\"og:site_name\" content=\"Instituto V\u00eda Excelencia\" \/>\n<meta property=\"article:publisher\" content=\"https:\/\/www.facebook.com\/institutoviaexcelencia\" \/>\n<meta property=\"article:modified_time\" content=\"2023-01-23T20:56:14+00:00\" \/>\n<meta property=\"og:image\" content=\"https:\/\/viaexcelencia.com.mx\/wp-content\/uploads\/2021\/03\/iconos-VE-Blanco-09.png\" \/>\n\t<meta property=\"og:image:width\" content=\"591\" \/>\n\t<meta property=\"og:image:height\" content=\"591\" \/>\n\t<meta property=\"og:image:type\" content=\"image\/png\" \/>\n<meta name=\"twitter:card\" content=\"summary_large_image\" \/>\n<meta name=\"twitter:label1\" content=\"Tiempo de lectura\" \/>\n\t<meta name=\"twitter:data1\" content=\"2 minutos\" \/>\n<script type=\"application\/ld+json\" class=\"yoast-schema-graph\">{\"@context\":\"https:\/\/schema.org\",\"@graph\":[{\"@type\":\"WebPage\",\"@id\":\"https:\/\/viaexcelencia.com.mx\/index.php\/cursos\/\",\"url\":\"https:\/\/viaexcelencia.com.mx\/index.php\/cursos\/\",\"name\":\"Cursos - Instituto V\u00eda Excelencia\",\"isPartOf\":{\"@id\":\"https:\/\/viaexcelencia.com.mx\/#website\"},\"datePublished\":\"2021-03-31T05:46:15+00:00\",\"dateModified\":\"2023-01-23T20:56:14+00:00\",\"breadcrumb\":{\"@id\":\"https:\/\/viaexcelencia.com.mx\/index.php\/cursos\/#breadcrumb\"},\"inLanguage\":\"es\",\"potentialAction\":[{\"@type\":\"ReadAction\",\"target\":[\"https:\/\/viaexcelencia.com.mx\/index.php\/cursos\/\"]}]},{\"@type\":\"BreadcrumbList\",\"@id\":\"https:\/\/viaexcelencia.com.mx\/index.php\/cursos\/#breadcrumb\",\"itemListElement\":[{\"@type\":\"ListItem\",\"position\":1,\"name\":\"Home\",\"item\":\"https:\/\/viaexcelencia.com.mx\/\"},{\"@type\":\"ListItem\",\"position\":2,\"name\":\"Cursos\"}]},{\"@type\":\"WebSite\",\"@id\":\"https:\/\/viaexcelencia.com.mx\/#website\",\"url\":\"https:\/\/viaexcelencia.com.mx\/\",\"name\":\"Instituto V\u00eda Excelencia\",\"description\":\"\",\"publisher\":{\"@id\":\"https:\/\/viaexcelencia.com.mx\/#organization\"},\"potentialAction\":[{\"@type\":\"SearchAction\",\"target\":{\"@type\":\"EntryPoint\",\"urlTemplate\":\"https:\/\/viaexcelencia.com.mx\/?s={search_term_string}\"},\"query-input\":\"required name=search_term_string\"}],\"inLanguage\":\"es\"},{\"@type\":\"Organization\",\"@id\":\"https:\/\/viaexcelencia.com.mx\/#organization\",\"name\":\"Instituto V\u00eda Excelencia\",\"url\":\"https:\/\/viaexcelencia.com.mx\/\",\"sameAs\":[\"https:\/\/www.facebook.com\/institutoviaexcelencia\"],\"logo\":{\"@type\":\"ImageObject\",\"inLanguage\":\"es\",\"@id\":\"https:\/\/viaexcelencia.com.mx\/#\/schema\/logo\/image\/\",\"url\":\"https:\/\/viaexcelencia.com.mx\/wp-content\/uploads\/2021\/07\/Logotipo-VE-final-07.png\",\"contentUrl\":\"https:\/\/viaexcelencia.com.mx\/wp-content\/uploads\/2021\/07\/Logotipo-VE-final-07.png\",\"width\":2629,\"height\":1021,\"caption\":\"Instituto V\u00eda Excelencia\"},\"image\":{\"@id\":\"https:\/\/viaexcelencia.com.mx\/#\/schema\/logo\/image\/\"}}]}<\/script>\n<!-- \/ Yoast SEO plugin. -->","yoast_head_json":{"title":"Cursos - Instituto V\u00eda Excelencia","robots":{"index":"index","follow":"follow","max-snippet":"max-snippet:-1","max-image-preview":"max-image-preview:large","max-video-preview":"max-video-preview:-1"},"canonical":"https:\/\/viaexcelencia.com.mx\/index.php\/cursos\/","og_locale":"es_ES","og_type":"article","og_title":"Cursos - Instituto V\u00eda Excelencia","og_description":"Curso: Dise\u00f1o curricular para educaci\u00f3n b\u00e1sica Saber m\u00e1s Curso: proped\u00e9utico EXANI I Saber m\u00e1s Curso: Buenas pr\u00e1cticas en docencia mediada [&hellip;]","og_url":"https:\/\/viaexcelencia.com.mx\/index.php\/cursos\/","og_site_name":"Instituto V\u00eda Excelencia","article_publisher":"https:\/\/www.facebook.com\/institutoviaexcelencia","article_modified_time":"2023-01-23T20:56:14+00:00","og_image":[{"width":591,"height":591,"url":"https:\/\/viaexcelencia.com.mx\/wp-content\/uploads\/2021\/03\/iconos-VE-Blanco-09.png","type":"image\/png"}],"twitter_card":"summary_large_image","twitter_misc":{"Tiempo de lectura":"2 minutos"},"schema":{"@context":"https:\/\/schema.org","@graph":[{"@type":"WebPage","@id":"https:\/\/viaexcelencia.com.mx\/index.php\/cursos\/","url":"https:\/\/viaexcelencia.com.mx\/index.php\/cursos\/","name":"Cursos - Instituto V\u00eda Excelencia","isPartOf":{"@id":"https:\/\/viaexcelencia.com.mx\/#website"},"datePublished":"2021-03-31T05:46:15+00:00","dateModified":"2023-01-23T20:56:14+00:00","breadcrumb":{"@id":"https:\/\/viaexcelencia.com.mx\/index.php\/cursos\/#breadcrumb"},"inLanguage":"es","potentialAction":[{"@type":"ReadAction","target":["https:\/\/viaexcelencia.com.mx\/index.php\/cursos\/"]}]},{"@type":"BreadcrumbList","@id":"https:\/\/viaexcelencia.com.mx\/index.php\/cursos\/#breadcrumb","itemListElement":[{"@type":"ListItem","position":1,"name":"Home","item":"https:\/\/viaexcelencia.com.mx\/"},{"@type":"ListItem","position":2,"name":"Cursos"}]},{"@type":"WebSite","@id":"https:\/\/viaexcelencia.com.mx\/#website","url":"https:\/\/viaexcelencia.com.mx\/","name":"Instituto V\u00eda Excelencia","description":"","publisher":{"@id":"https:\/\/viaexcelencia.com.mx\/#organization"},"potentialAction":[{"@type":"SearchAction","target":{"@type":"EntryPoint","urlTemplate":"https:\/\/viaexcelencia.com.mx\/?s={search_term_string}"},"query-input":"required name=search_term_string"}],"inLanguage":"es"},{"@type":"Organization","@id":"https:\/\/viaexcelencia.com.mx\/#organization","name":"Instituto V\u00eda Excelencia","url":"https:\/\/viaexcelencia.com.mx\/","sameAs":["https:\/\/www.facebook.com\/institutoviaexcelencia"],"logo":{"@type":"ImageObject","inLanguage":"es","@id":"https:\/\/viaexcelencia.com.mx\/#\/schema\/logo\/image\/","url":"https:\/\/viaexcelencia.com.mx\/wp-content\/uploads\/2021\/07\/Logotipo-VE-final-07.png","contentUrl":"https:\/\/viaexcelencia.com.mx\/wp-content\/uploads\/2021\/07\/Logotipo-VE-final-07.png","width":2629,"height":1021,"caption":"Instituto V\u00eda Excelencia"},"image":{"@id":"https:\/\/viaexcelencia.com.mx\/#\/schema\/logo\/image\/"}}]}},"_links":{"self":[{"href":"https:\/\/viaexcelencia.com.mx\/index.php\/wp-json\/wp\/v2\/pages\/92"}],"collection":[{"href":"https:\/\/viaexcelencia.com.mx\/index.php\/wp-json\/wp\/v2\/pages"}],"about":[{"href":"https:\/\/viaexcelencia.com.mx\/index.php\/wp-json\/wp\/v2\/types\/page"}],"author":[{"embeddable":true,"href":"https:\/\/viaexcelencia.com.mx\/index.php\/wp-json\/wp\/v2\/users\/1"}],"replies":[{"embeddable":true,"href":"https:\/\/viaexcelencia.com.mx\/index.php\/wp-json\/wp\/v2\/comments?post=92"}],"version-history":[{"count":40,"href":"https:\/\/viaexcelencia.com.mx\/index.php\/wp-json\/wp\/v2\/pages\/92\/revisions"}],"predecessor-version":[{"id":1381,"href":"https:\/\/viaexcelencia.com.mx\/index.php\/wp-json\/wp\/v2\/pages\/92\/revisions\/1381"}],"wp:featuredmedia":[{"embeddable":true,"href":"https:\/\/viaexcelencia.com.mx\/index.php\/wp-json\/wp\/v2\/media\/93"}],"wp:attachment":[{"href":"https:\/\/viaexcelencia.com.mx\/index.php\/wp-json\/wp\/v2\/media?parent=92"}],"curies":[{"name":"wp","href":"https:\/\/api.w.org\/{rel}","templated":true}]}}